403. Determine k(-658).
-7
Let x(w) = 4*w**2 + 3507*w + 763036. Calculate x(-476).
8
Let t(x) = -x**3 - 134*x**2 - 79*x + 41193. Determine t(-131).
59
Let j(f) = 2*f**2 + 180814*f - 542435. Calculate j(3).
25
Let n(l) = -4*l**2 - 1053*l - 69172. Give n(-128).
76
Let r(s) = -1026*s + 129332. Give r(128).
-1996
Let d(s) = -9*s**3 + 4625*s**2 + 503*s + 5790. What is d(514)?
136
Let b(u) = -451*u**2 - 40348*u + 40347. Calculate b(1).
-452
Let s(l) = l**3 + l**2 - 576*l - 79. Determine s(0).
-79
Let j(g) = -2*g**3 + 288*g**2 + 34*g - 4480. What is j(144)?
416
Let c(l) = -2*l**3 + 35*l**2 + 201*l - 6. Calculate c(-7).
988
Let p(l) = -5*l**3 - 46*l**2 + 26*l + 470. Calculate p(-10).
610
Let u(m) = 6*m**3 + 5*m**2 - 199*m + 111. Determine u(6).
393
Let n(w) = -108*w**2 + 395*w + 11. What is n(4)?
-137
Let y(z) = z**2 + 432*z - 12811. Determine y(28).
69
Let o(t) = t**3 + 53*t**2 + 645*t - 39. Give o(-34).
-5
Let k(l) = 3*l**2 + 4402*l - 26524. Calculate k(6).
-4
Let s(l) = 364*l - 29066. Calculate s(80).
54
Let k(m) = -m**2 - 276*m + 24539. Give k(68).
1147
Let w(v) = 872*v + 156609. Give w(-180).
-351
Let p(h) = -43250*h + 3719493. Calculate p(86).
-7
Let r(d) = -d**3 + 26*d**2 - 22*d - 694. What is r(24)?
-70
Let s(i) = 49*i - 240. Calculate s(-6).
-534
Let d(o) = o**3 + 132*o**2 + 390*o + 12. What is d(-3)?
3
Let j(t) = 7*t**3 - 146*t**2 - 5*t - 20. Calculate j(21).
316
Let a(t) = -81*t**2 - 1067*t + 9. Calculate a(-12).
1149
Let g(q) = -278085*q - 40878490. Calculate g(-147).
5
Let m(b) = 389654*b + 779278. Calculate m(-2).
-30
Let y(t) = t**3 + 24*t**2 + 146*t + 27. Determine y(-5).
-228
Let s(h) = h**3 + 32*h**2 - 449*h - 14350. Give s(-32).
18
Let q(o) = -6*o**2 - 583*o - 14065. Calculate q(-50).
85
Let y(b) = -1792*b + 14893. What is y(8)?
557
Let y(k) = -k**3 + 43*k**2 - 431*k + 116. Calculate y(16).
132
Let p(u) = 22*u**2 - 7808*u - 7954. Calculate p(356).
590
Let b(w) = -134*w - 26502. Determine b(-200).
298
Let x(w) = -4037*w - 52186. What is x(-13)?
295
Let p(k) = -72*k**2 - 1894*k - 5478. Calculate p(-23).
-4
Let a(r) = 48*r**2 + 2048*r - 2770. What is a(-44)?
46
Let x(w) = 56065*w + 11717573. Calculate x(-209).
-12
Let k(d) = 16*d**2 + 1106*d + 310. What is k(-68)?
-914
Let p(l) = -l**2 + 306*l + 218634. Give p(-338).
962
Let h(q) = -8065*q**2 - 64574*q - 428. Determine h(-8).
4
Let t(z) = -472*z - 38559. Give t(-78).
-1743
Let n(v) = -306*v**2 - 4151*v + 137. Give n(-13).
2386
Let m(a) = -32*a**2 + 878*a + 7107. Give m(-8).
-1965
Let m(x) = x**2 - 1402*x + 53134. Determine m(39).
-23
Let q(w) = 87*w**2 + 523. Calculate q(0).
523
Let n(w) = 9*w**2 + 3708*w - 14829. What is n(4)?
147
Let y(k) = -3*k**2 + 1879*k - 14923. Calculate y(8).
-83
Let a(b) = 2*b**3 + 9*b**2 - 222*b - 1319. What is a(-9)?
-50
Let a(n) = -57*n**2 - 237*n - 33. Give a(-4).
3
Let z(v) = 1446*v - 44065. What is z(29)?
-2131
Let n(t) = -46168*t - 2723908. Determine n(-59).
4
Let l(x) = 24*x**2 - 7274*x - 59726. Determine l(-8).
2
Let l(q) = q**2 - 168*q + 3689. Give l(25).
114
Let n(u) = 10*u**2 - 737*u + 11591. Determine n(50).
-259
Let x(i) = -2*i**3 + 290*i**2 - 222*i - 50038. Determine x(143).
12
Let d(c) = -4*c**2 - 21866*c + 87531. Calculate d(4).
3
Let p(j) = -2*j**2 - 4279*j - 167966. Give p(-40).
-6
Let f(c) = -866*c + 129989. Calculate f(150).
89
Let k(a) = -355510*a - 2133061. What is k(-6)?
-1
Let v(b) = -206*b**2 + 9687*b - 58. Determine v(47).
177
Let d(w) = -w**2 - 224*w - 8647. Determine d(-158).
1781
Let o(r) = r**2 - 364*r + 12986. Give o(40).
26
Let c(q) = q**3 - 176*q**2 + 6239*q - 2036. Determine c(127).
-4
Let b(u) = -2584*u**2 + 7788*u - 124. Give b(3).
-16
Let n(m) = 17*m**3 - 508*m**2 - 1154*m + 89. Give n(32).
25
Let h(s) = -s**2 + 68*s + 43817. Calculate h(-178).
29
Let b(o) = 3*o**3 - 73*o**2 + 98*o - 814. Determine b(23).
-676
Let a(x) = -16*x**2 - 1761*x + 108. Determine a(-110).
218
Let h(w) = 327*w + 8475. Calculate h(-27).
-354
Let t(z) = z**2 - 44*z + 307. What is t(41)?
184
Let m(n) = -637044*n - 637019. Calculate m(-1).
25
Let u(g) = -25179*g - 7050124. Determine u(-280).
-4
Let n(t) = 462*t - 1975. Calculate n(6).
797
Let b(t) = 2*t**3 - 46*t**2 + 1014*t - 23316. What is b(23)?
6
Let i(b) = 8*b**2 + 571*b + 3422. Determine i(-62).
-1228
Let z(w) = 1467*w + 14640. Give z(-10).
-30
Let n(r) = -14421*r - 144294. Determine n(-10).
-84
Let f(n) = 19*n**3 - 459*n**2 - 446*n + 14. Calculate f(-1).
-18
Let m(n) = -n**2 - 86*n + 7918. Give m(42).
2542
Let v(p) = 1914*p + 17016. Calculate v(-9).
-210
Let a(f) = f**3 - 9*f**2 + 2819*f - 19666. What is a(7)?
-31
Let o(h) = -12*h**2 - 828*h + 8432. Calculate o(-78).
8
Let c(l) = -4533*l**2 - 747941*l + 663. Calculate c(-165).
3
Let v(z) = -70*z**2 - 17763*z - 166643. Give v(-244).
9
Let g(y) = -y**3 - 82*y**2 - 21*y - 2748. What is g(-82)?
-1026
Let z(o) = 14757*o + 501727. Give z(-34).
-11
Let a(o) = 4*o**3 + 50*o**2 + 147*o - 3. Determine a(-3).
-102
Let y(d) = 2*d**3 - 48*d**2 + 251*d + 154. Determine y(16).
74
Let x(w) = -4*w**3 + 45*w**2 + 281*w + 1872. Determine x(17).
2
Let y(h) = -126*h**2 - 1782*h - 170. What is y(-14)?
82
Let h(c) = -5483*c + 3377560. What is h(616)?
32
Let l(n) = n**2 + 607*n + 24831. Give l(-44).
59
Let c(d) = -611*d - 20676. What is c(-33)?
-513
Let w(g) = -11*g**2 + 450*g - 454. Determine w(40).
-54
Let j(l) = -16*l**3 - 529*l**2 - 2885*l + 230. Calculate j(-7).
-8
Let r(w) = -w**3 + 19*w**2 + 1632*w. Calculate r(-32).
0
Let s(f) = 755*f**2 - 722*f + 25. Determine s(1).
58
Let l(s) = 140*s**2 + 257*s + 253. Determine l(-1).
136
Let t(v) = 4593*v - 532795. Calculate t(116).
-7
Let u(k) = 189392*k + 757559. Calculate u(-4).
-9
Let p(j) = -1285*j - 120825. What is p(-94)?
-35
Let v(q) = 2*q**3 + 323*q**2 + 12994*q - 89. What is v(-76)?
63
Let n(j) = -2*j**3 - 1116*j**2 + 3721*j + 199163. Determine n(-561).
8
Let h(f) = 21*f**3 - 864*f**2 + 110*f + 296. Calculate h(41).
-237
Let i(l) = 2*l**3 + 9*l**2 - 52*l + 80. What is i(3)?
59
Let q(v) = -139210*v + 835247. Determine q(6).
-13
Let o(c) = 3327*c**2 + 19960*c - 1. Give o(-6).
11
Let g(a) = 1666*a - 76649. Determine g(46).
-13
Let w(j) = 1560*j**3 - 5*j**2 + 9*j + 11. Determine w(-1).
-1563
Let l(t) = -3*t**3 - 38*t**2 - 150*t - 182. What is l(-6)?
-2
Let w(b) = b**2 - 90564*b + 21857927. What is w(242)?
3
Let a(g) = 16073*g - 208831. Determine a(13).
118
Let t(n) = -26*n**3 + 3*n**2 - 2828*n + 2827. Give t(1).
-24
Let d(r) = -3873*r - 63285. What is d(-16)?
-1317
Let f(a) = 12395*a**2 - 570164*a - 269. Calculate f(46).
7
Let s(m) = 2*m**2 - 42*m - 1164. Determine s(-16).
20
Let o(f) = -f**3 + 14*f**2 - 99*f + 98. Calculate o(8).
-310
Let p(d) = 310*d**2 + 484*d - 261. What is p(-2)?
11
Let n(p) = 4*p**3 + 494*p**2 - 131*p + 14529. Give n(-124).
21
Let d(r) = 104*r - 13516. Determine d(130).
4
Let y(h) = 45*h**2 + 54*h + 60. Calculate y(-3).
303
Let l(g) = -58*g**2 + 552*g + 477. Calculate l(10).
197
Let d(b) = b**3 + 541*b**2 - 3910*b - 40551. Determine d(-548).
1
Let r(d) = 3416*d - 85620. Calculate r(25).
-220
Let y(a) = 52851*a + 317501. Give y(-6).
395
Let h(o) = -7*o**2 - 383*o - 2267. Calculate h(-41).
1669
Let x(g) = -9072*g**2 - 1524075*g + 3535. What is x(-168)?
7
Let y(r) = -r**2 - 3645*r + 506398. What is y(134)?
12
Let w(r) = -589*r - 6045. Give w(-10).
-155
Let f(q) = -5*q**2 + 10189*q + 81760. Give f(-8).
-72
Let i(u) = 3444*u - 1088253. What is i(316)?
51
Let v(n) = -n**2 + 262*n + 12809. Calculate v(300).
1409
Let r(d) = -17544*d + 263605. Give r(15).
445
Let o(z) = 135*z + 6860. Give o(-50).
110
Let v(p) = p**3 - 7*p**2 - 152*p + 3012. Calculate v(17).
3318
Let k(h) = -80834*h - 80835. Calculate k(-1).
-1
Let b(g) = -g**2 + 151*g + 5433. Give b(-30).
3
Let j(g) = 3*g**3 - 25*g**2 - 49*g + 187. What is j(10)?
197
Let r(d) = 1536*d + 15643. Give r(-10).
283
Let l(v) = 41*v**2 - 129*v - 9. Determine l(3).
-27
Let u(a) = 61*a**2 - 202*a - 30. Give u(2).
-190
Let p(n) = 12*n**2 - 21352*n + 106479. Calculate p(5).
19
Let s(h) = -60*h**3 + 45*h**2 - 9*h + 17. Determine s(2).
-301
Let q(o) = 66*o - 1041. What is q(18)?
147
Let n(m) = 4*m**3 - 207*m**2 - 121*m + 3371. Calculate n(52).
-217
Let j(o) = -o**2 - 751*o - 133171. What is j(-287)?
-3
Let c(k) = 4*k**2 + 438*k + 4329. Give c(-11).
-5
Let x(m) =